h(7)?
16
Let u = -735 + 739. Let y(k) = 3*k - 16. What is y(u)?
-4
Suppose 21 = q + 3*m, 4*q = -2*m - 0*m + 34. Let l(k) be the second derivative of 1/12*k**4 + 0 - k - 2*k**2 - 5/6*k**3. Calculate l(q).
2
Let i(l) = 6*l**3 + l**2 - 1. Suppose -36 - 56 = -4*q. Suppose -7 = 4*s - q. Suppose -s = k - 3. Calculate i(k).
-6
Let n(a) = -10*a - 57. Let y be n(-6). Let h(k) be the first derivative of -k + y + 5/2*k**2. What is h(1)?
4
Let l(o) = 4*o - 8. Let m(k) = 3*k - 7. Let v(g) = 2*l(g) - 3*m(g). Let a be ((0/28)/(2/1))/(-1). Give v(a).
5
Let u(n) = n**2 - n - 8. Suppose -3*o = -2*a - 5 + 4, -12 = -4*o. Suppose -a*w + 16 = 4*y, -2*w + 4*w = -y + 8. Suppose y = -5*d + 8*d. What is u(d)?
-8
Suppose 2*o + 15 = 18*p - 17*p, 3*p + 4*o = 5. Let y(u) = u**3 - 5*u**2 - 5*u - 3. Calculate y(p).
60
Let t(h) = -9*h - 63. Let j be t(-7). Let c = 4 - 3. Let v(y) = 0*y**2 + 2*y - 4*y**2 + y**3 + j + c. Calculate v(2).
-3
Let j(t) be the first derivative of t**4/4 - 4*t**3/3 + 3*t**2/2 - 6*t + 45. Calculate j(4).
6
Let f(z) = -z**2 + 33*z**2 + 27 + 10*z - 42*z + 4*z**3 - z**3 - 2*z**3. Give f(-33).
-6
Let a(x) = -2*x + 2. Let i be a(-2). Let v(d) be the first derivative of -5/2*d**2 + 7/3*d**3 + 0*d - 1/4*d**4 - 58. Calculate v(i).
6
Let f(x) be the third derivative of x**7/840 - x**6/120 - x**5/40 + 5*x**4/24 + 5*x**3/2 + 2*x**2. Let g(b) be the first derivative of f(b). Determine g(4).
9
Let c(d) = d**3 - 9*d**2 + 2*d - 11. Let g = -2141 + 2150. Determine c(g).
7
Let s(q) = -q + 8. Let k = -278 - 64. Let d be k/(-95) + (-4)/(-10). Suppose -4*l = 3*r - 2, -r + d*l = 8*l + 10. Determine s(r).
2
Let c(t) = t**3 - 7*t**2 + 5*t - 1. Suppose 2*k = 3*k - 16. Let v(b) = -b**2 + 15*b + 22. Let i be v(k). Give c(i).
-7
Let d(p) = 4*p + 1. Suppose -3*n + 18 = 3. Suppose n*r = 4*z + 2*r + 24, -10 = 2*z - r. Give d(z).
-11
Suppose 3*r = -3*d - 3, -4*r = 2*d - 5*d + 4. Let c(w) = d + 4*w**2 - 6*w**2 + w**2 + 6 - 4*w. Determine c(-6).
-6
Suppose 10 = 3*a - 2*p - 7, 5*a - 29 = 4*p. Let n(x) = -x - a - 1 + 0*x. Let i(f) = -30*f - 634. Let o be i(-21). Give n(o).
-2
Let x be 1/((-1)/2) - -5. Let d(y) = 15*y + 370. Let p(j) = 2*j + 92. Let u(t) = d(t) - 4*p(t). Calculate u(x).
23
Let r(a) = a**2 + a - 4. Suppose -k + 22 = 10*k. Suppose -68 = -k*f - 74. Calculate r(f).
2
Suppose c + 22*z - 19*z - 5 = 0, 2*z = -c + 4. Let k(q) = -10*q**2 - 2*q - 1. Determine k(c).
-45
Suppose -2*l + 3*l + 2*v = 4, 4*l = -4*v + 8. Let o(q) be the first derivative of q**3/3 - 6*q - 126. What is o(l)?
-6
Let m be 3*1/(-3) + 3. Let f(i) = 2*i**3 - 3*i**3 - 2 - 4*i**m + i**2 - i - 2. What is f(-3)?
-1
Let k(v) be the third derivative of 0 + 1/6*v**4 - 9*v**2 + 1/2*v**3 + 1/30*v**5 + 0*v. Calculate k(-3).
9
Let h(k) = 3*k**3 + 2*k**2 - 1. Suppose -19*g = 12 + 7. Give h(g).
-2
Let p be 19/(-4) + (-1 - (-9)/12). Let x be (-30)/p*-1 + 4. Let h(c) = 6*c**2 + 2*c. What is h(x)?
20
Let f(u) be the third derivative of -5/6*u**3 + 1/4*u**4 + 0 + 0*u - 1/60*u**5 + 3*u**2. What is f(4)?
3
Let f(h) = 8*h**2 + h - 1. Let n(r) = -47*r**2 - 20*r + 30. Let t(d) = 6*f(d) + n(d). Give t(12).
0
Let s(w) be the second derivative of w**3/6 + 3*w**2/2 + 14*w. Let g be -4*(1 - (0 + 0)). Let z = g - -7. What is s(z)?
6
Let w(s) = 0*s**2 - s**2 - 6*s - s - 4. Let t(o) = -o**3 + 11*o**2 + 11*o + 9. Let r be t(12). Determine w(r).
8
Let p(l) be the third derivative of -l**4/12 - l**3/6 + 17*l**2. Give p(-5).
9
Let k be -4 + (5 - -1)/1. Let q(t) = -4*t**2 + 3*t + 13. Let l(h) = 3*h**2 - 2*h - 13. Let z(n) = k*q(n) + 3*l(n). What is z(0)?
-13
Let g be (-738)/66 - (-2)/11. Let a(o) = o**2 + 29*o - 30. Let t(l) = 6*l - 6. Let m(r) = g*t(r) + 2*a(r). Calculate m(5).
16
Let m(u) = u**2 - 6*u + 6. Let w be m(4). Let c be -7 - ((w - 3) + 4). Let f(s) = -s**2 - 8*s - 6. What is f(c)?
6
Suppose -3*k = -6*k + 5*h - 83, 50 = -2*k + 2*h. Let q = -20 - k. Let w(v) = -10*v**2 - v + 1. Determine w(q).
-10
Let i(d) = 3 - 18*d**2 + 13*d**2 - 6*d + 4*d**2. Let h(x) = -x**2 + x + 1. Let q(y) = h(y) + i(y). Calculate q(-4).
-8
Suppose -5*l + 11 = 4*k, 4 + 0 = l - k. Let t(u) = 3*u**3 - 2*u**2 + 1. Let x be t(1). Let s(w) = l + x*w - 8*w + 0*w. Calculate s(2).
-9
Let m be 2*2*(-35)/(-20). Let r(c) = c**2 - 3*c - 8. Determine r(m).
20
Let m(c) = -10*c - 21. Let f(n) = 8*n + 18. Let q(r) = 6*f(r) + 5*m(r). Give q(-7).
17
Let r(o) = -24 - 26 + 8*o - 5*o + 56. Suppose -2*i = 3 + 5. Give r(i).
-6
Let h = -61 + 35. Let m = -26 - h. Let n(a) = -a - 1. Let j(b) = 3*b - 1. Let c(x) = j(x) + 4*n(x). Determine c(m).
-5
Let d(k) = k**2 - 8*k + 8. Suppose -5*s + 180 = s. Suppose -12*j = -7*j - s. Give d(j).
-4
Let w be (-21)/35 - 13/(-5). Let d(n) = 3 - 2 + 1 + w*n - 9. Determine d(5).
3
Let a = 0 - -6. Suppose 3*u = 5*u - a. Let d(b) = 33*b**2 - 37*b**2 + u*b**3 + b - 4*b**3 - 2 + 2*b**3. What is d(2)?
-8
Let i(r) be the first derivative of r**4/12 + r**3 - 7*r**2/2 - 40*r + 16. Let l(m) be the first derivative of i(m). Calculate l(-7).
0
Let y(u) = -1. Let v(m) = -4*m. Let b(s) = -v(s) + 3*y(s). Suppose i + 3*r + 9 = -2*i, -5*r - 25 = 0. Determine b(i).
5
Suppose -21 = -y + 5*b, -4*y - 5*b - 1 = 15. Let n = -5 + y. Let l(m) = -6*m + 9*m - 5 + 194*m**2 - 193*m**2. Give l(n).
-1
Let a(z) be the first derivative of -1/3*z**3 + 1/4*z**4 + 0*z**2 + 1 + z. Give a(-2).
-11
Let m(x) = 2*x - 48. Let g(j) = j - 47. Let d(b) = 6*g(b) - 5*m(b). Let c be d(-9). Let h(q) = -q - 8. Calculate h(c).
-2
Let n(v) = -v**3 + 115*v - 109*v - 5*v**2 - 450 + 447. Let t = -8 + 5. Let c be t/(-9) + 19/(-3). Give n(c).
-3
Let m(h) = h**3 + 5*h**2 - 3*h + 11. Let g be 8/(-10) + ((-54)/(-5) - 16). What is m(g)?
-7
Let u(v) = -6*v**3 - v**2 - v. Let h be (-3)/2*72/54. Let k be (-8 - -10)/(h + 0). Determine u(k).
6
Let i be 6/4*3*(-2)/(-3). Let a(m) = -2*m + 0*m + 15 - i*m**2 - 12 - 2*m**2 - m**3. What is a(-5)?
13
Let t(h) be the first derivative of h**6/120 + h**5/10 + 7*h**4/24 + 5*h**3/6 + 15*h**2/2 + 16. Let i(z) be the second derivative of t(z). Give i(-5).
-5
Let o(l) be the third derivative of l**6/120 + l**5/6 - 3*l**2 - 4*l + 2. Suppose 0*s - 3*s = 30. Calculate o(s).
0
Let l(c) = -c**2 + 2*c**2 + 5966 - 5948 + 15*c. Determine l(-14).
4
Let m(u) = u**2 + 10*u + 7. Let z be (72/(-30))/(4/(-10)). Suppose -2*q + z*q = -36. Calculate m(q).
-2
Let j(w) = -w**3 - 7*w**2 - 8*w - 2. Suppose 3*r = 3*r - 5*r. Let m(u) = -4*u - 6. Let b be m(r). What is j(b)?
10
Let r(q) = -q**2 - 14*q. Suppose 2*i - 5*c = -41, -2*c = -3 - 3. Calculate r(i).
13
Let g(q) = 22*q - 3. Let y(z) = -20*z + 3. Let r(s) = 6*g(s) + 7*y(s). What is r(2)?
-13
Let x(m) = -2*m**2 + 9*m - 5. Let t(z) = -z**2 + 8*z - 4. Let c(s) = 3*t(s) - 2*x(s). Suppose 0 = -15*r - 25*r - 280. Give c(r).
5
Let v(b) = b**3 - 11*b**2 + 9*b + 11. Let l be (1 - -2*2)*(7 - 5). What is v(l)?
1
Let n(v) be the third derivative of -v**4/8 + v**3 + 9*v**2. Let o be n(4). Let t(u) = -u**2 - 6*u - 3. Let y be t(o). Let z(q) = q**2 + 1. Calculate z(y).
10
Let g(p) = -p**2 + 7*p + 5. Suppose 6*r + 3*h + 9 = 9*r, 4*r + 4*h - 44 = 0. Calculate g(r).
5
Let z(i) = i**3 + 3*i**2 - 5*i - 2. Let a be z(-4). Let s(k) = k**3 + k. Let v(j) = -5*j**3 - 3*j**2 - 6*j + 2. Let y(m) = 6*s(m) + v(m). What is y(a)?
-2
Let y(p) = -p**3 + 5*p**2 + 7*p - 9. Let n be y(6). Let o(s) = 4*s**2 - 6*s - 2. Let b(c) = 3*c**2 - 5*c - 2. Let z(i) = n*b(i) + 2*o(i). Give z(5).
-8
Let c(g) be the third derivative of g**5/60 - 7*g**4/24 + g**3/6 - 46*g**2. Let j = 6 - 1. Determine c(j).
-9
Let g(f) be the first derivative of -3*f**2/2 + 17*f - 64. Calculate g(10).
-13
Let n(i) = -6*i**3 - 8*i**2 - 6*i + 4. Let j = 23 - 35. Let g = -17 - j. Let z(w) = w**3 + w**2 + w - 1. Let o(a) = g*z(a) - n(a). What is o(-3)?
-2
Let k(c) = c - 2. Let w = -24 - -25. Let n be (10/(-14) - w)*(-28)/8. Give k(n).
4
Suppose 3*s - 19 = -5*x, 9*x + 4*s - 17 = 4*x. Let p(j) be the second derivative of -j**5/20 + j**4/2 - 5*j**3/6 - 5*j**2/2 + 31*j. What is p(x)?
-5
Let z(l) = -3*l + 42. Let i = -1594 + 1594. Determine z(i).
42
Let d(n) = -n**2 - 2*n + 3. Let t be (38/(-95))/(2/10). Let m be t - 2 - 6/(-1). Give d(m).
-5
Let v = 567 - 564. Let f(l) = 5*l**2 - 2*l + 3. Determine f(v).
42
Let t = -6 + 10. Let h(s) = -2*s - 30. Let x be h(-16). Let v(k) = -x*k - 7 - k**2 + 4 + 2*k**2. What is v(t)?
5
Le